32.
232
What is the greatest common factor of 90 and 3688135?
5
What is the highest common factor of 2657430 and 225?
45
Calculate the greatest common factor of 2029774 and 94.
2
Calculate the greatest common factor of 84972 and 726204.
876
Calculate the highest common divisor of 5012873 and 201.
67
Calculate the highest common factor of 45 and 148307832.
9
What is the greatest common factor of 1656 and 63662988?
276
Calculate the greatest common divisor of 183 and 512673.
3
What is the highest common factor of 129779580 and 6720?
420
What is the highest common factor of 5673488 and 64?
16
What is the greatest common factor of 59700 and 1964540?
20
What is the greatest common factor of 4404234 and 60?
6
What is the greatest common divisor of 1524 and 20576412?
12
What is the highest common factor of 1743 and 8693337?
249
What is the greatest common factor of 27381369 and 118?
59
Calculate the highest common divisor of 213601 and 740.
37
Calculate the highest common divisor of 84 and 23609796.
84
Calculate the highest common factor of 20638288 and 40.
8
What is the greatest common divisor of 8349089 and 16310?
1631
What is the greatest common divisor of 6154450 and 26975?
2075
Calculate the greatest common factor of 422130 and 9015.
15
Calculate the highest common divisor of 34919345 and 415.
415
What is the greatest common factor of 895566 and 112?
14
Calculate the highest common factor of 58199595 and 45.
15
What is the highest common divisor of 4824911 and 163429?
259
What is the highest common factor of 154 and 9440222?
22
Calculate the highest common factor of 9071018 and 6688.
418
Calculate the highest common divisor of 1519221 and 13167.
627
Calculate the greatest common factor of 566010 and 38646.
342
Calculate the greatest common divisor of 139 and 158008111.
139
Calculate the greatest common factor of 23236 and 136075825.
5809
What is the greatest common divisor of 26057799 and 1082214?
3681
Calculate the highest common divisor of 12470175 and 2850.
1425
What is the highest common factor of 248400932 and 676?
676
What is the greatest common factor of 222670 and 266?
14
What is the highest common factor of 17095630 and 950?
190
Calculate the greatest common factor of 41908165 and 670.
335
What is the greatest common factor of 13157 and 1692793?
223
What is the greatest common factor of 5158889108 and 15524?
15524
Calculate the highest common factor of 40656 and 1383998.
1694
Calculate the greatest common divisor of 482671 and 318689.
371
Calculate the greatest common factor of 2412 and 3485628.
36
What is the greatest common factor of 75966496 and 224?
32
Calculate the highest common factor of 450 and 1164850.
50
Calculate the highest common divisor of 4160 and 753720.
40
Calculate the greatest common factor of 27808 and 14981323.
79
Calculate the highest common divisor of 2424818 and 660.
22
Calculate the greatest common factor of 7447 and 95097513.
677
Calculate the highest common divisor of 148912500 and 1650.
1650
Calculate the greatest common divisor of 47628 and 7380.
36
What is the highest common factor of 33 and 2007591?
3
What is the greatest common divisor of 96 and 102052080?
48
Calculate the highest common divisor of 210 and 822851680.
70
Calculate the greatest common factor of 11 and 24745831.
11
Calculate the highest common divisor of 79158 and 3701940.
474
Calculate the highest common factor of 22716 and 15076483.
631
Calculate the greatest common factor of 1904 and 3397688.
952
Calculate the greatest common factor of 390 and 100615710.
390
Calculate the highest common divisor of 464382 and 459.
9
Calculate the highest common factor of 20742882 and 1626.
1626
What is the highest common divisor of 41200235 and 6106?
3053
What is the highest common divisor of 1129172 and 6938342?
4666
What is the greatest common factor of 2678129 and 10319?
17
Calculate the highest common factor of 684 and 183788.
4
Calculate the highest common factor of 9292064 and 137750.
1102
What is the greatest common divisor of 16285554 and 82431?
639
Calculate the highest common divisor of 270 and 1003710.
30
What is the highest common divisor of 1207675 and 469268?
6901
What is the greatest common factor of 923 and 1608008?
71
What is the highest common divisor of 8 and 26074408?
8
What is the highest common divisor of 2062876 and 2596?
236
What is the highest common divisor of 27 and 20210706?
9
Calculate the greatest common factor of 976992 and 1248.
96
What is the highest common factor of 308 and 890956?
44
Calculate the highest common divisor of 132 and 89936121.
33
Calculate the greatest common divisor of 1791 and 514557.
9
Calculate the greatest common divisor of 38980 and 108660.
20
Calculate the highest common factor of 45 and 43345.
5
Calculate the greatest common divisor of 590250 and 74625.
375
What is the highest common factor of 455 and 667765?
35
What is the highest common divisor of 2098581 and 8?
1
Calculate the greatest common divisor of 50729090 and 1130.
1130
What is the greatest common divisor of 295146665 and 1045?
1045
What is the greatest common divisor of 114144755 and 985?
985
What is the highest common divisor of 44892402 and 589?
589
What is the greatest common factor of 225732 and 22503?
39
What is the greatest common divisor of 241369 and 1711?
59
What is the greatest common divisor of 60443021 and 3659?
3659
Calculate the greatest common factor of 11097 and 242342451.
1233
Calculate the highest common factor of 227 and 113281172.
227
What is the highest common divisor of 1127470 and 2790?
310
What is the greatest common factor of 2828081 and 41524?
1483
What is the highest common divisor of 2012594 and 61028?
38
Calculate the greatest common factor of 3240 and 15572655.
405
What is the highest common divisor of 129819297 and 6288?
393
What is the greatest common factor of 1189829261 and 23?
23
What is the greatest common divisor of 975978 and 236?
118
Calculate the greatest common factor of 322272 and 73481.
373
Calculate the greatest common factor of 187255 and 39610.
85
Calculate the highest common factor of 12925 and 529408.
517
Calculate the highest common factor of 328 and 1436066.
82
Calculate the greatest common divisor of 21489548 and 2561.
197
Calculate the greatest common divisor of 13824 and 110191616.
512
What is the highest common factor of 377832665 and 35?
35
What is the highest common factor of 3450 and 156956025?
1725
What is the highest common factor of 4 and 14042591?
1
What is the greatest common divisor of 469 and 9506161?
469
What is the highest common factor of 5582868 and 2040?
204
Calculate the highest common divisor of 105 and 107879772.
21
What is the greatest common divisor of 4042005 and 544?
17
What is the greatest common divisor of 2988 and 25823624?
332
Calculate the highest common factor of 4197 and 1080875794.
1399
What is the highest common factor of 22631446 and 3155?
631
What is the highest common factor of 12662940 and 15?
15
What is the highest common factor of 1457774780 and 10?
10
Calculate the highest common divisor of 161351 and 11703.
47
Calculate the highest common factor of 5940 and 4921290.
2970
What is the highest common factor of 71791 and 1954019?
41
Calculate the greatest common divisor of 72775804 and 51374.
3022
Calculate the greatest common divisor of 388858016 and 652.
652
Calculate the highest common factor of 210 and 2113146.
42
Calculate the greatest common factor of 236922444 and 324.
36
What is the highest common factor of 30 and 945333530?
10
Calculate the highest common factor of 24060 and 81870.
30
Calculate the highest common divisor of 92327490 and 5166.
738
Calculate the greatest common factor of 18560 and 52055.
145
What is the greatest common divisor of 549700 and 6725?
25
What is the greatest common factor of 848758 and 5312?
166
Calculate the highest common divisor of 362 and 31120054.
362
Calculate the greatest common factor of 235900 and 1080.
20
What is the greatest common divisor of 5778 and 6259950?
54
What is the greatest common divisor of 70494 and 203856?
186
What is the greatest common factor of 45098056 and 744?
248
Calculate the greatest common divisor of 1610725 and 190.
95
What is the highest common factor of 29425376 and 64?
32
Wha